{"id":11383,"date":"2022-07-07T10:00:48","date_gmt":"2022-07-07T08:00:48","guid":{"rendered":"https:\/\/www.testrunner.se\/blog\/?page_id=11383"},"modified":"2023-09-01T10:34:21","modified_gmt":"2023-09-01T08:34:21","slug":"inredning","status":"publish","type":"page","link":"https:\/\/www.dorunner.se\/blog\/bygg-renovera\/inredning\/","title":{"rendered":"Inredning"},"content":{"rendered":"\t\t<div data-elementor-type=\"wp-page\" data-elementor-id=\"11383\" class=\"elementor elementor-11383\" data-elementor-post-type=\"page\">\n\t\t\t\t\t\t<section class=\"elementor-section elementor-top-section elementor-element elementor-element-58cc710f elementor-section-boxed elementor-section-height-default elementor-section-height-default\" data-id=\"58cc710f\" data-element_type=\"section\">\n\t\t\t\t\t\t<div class=\"elementor-container elementor-column-gap-default\">\n\t\t\t\t\t<div class=\"elementor-column elementor-col-100 elementor-top-column elementor-element elementor-element-1c410094\" data-id=\"1c410094\" data-element_type=\"column\">\n\t\t\t<div class=\"elementor-widget-wrap elementor-element-populated\">\n\t\t\t\t\t\t<div class=\"elementor-element elementor-element-202775da elementor-widget elementor-widget-heading\" data-id=\"202775da\" data-element_type=\"widget\" data-widget_type=\"heading.default\">\n\t\t\t\t<div class=\"elementor-widget-container\">\n\t\t\t<style>\/*! elementor - v3.23.0 - 05-08-2024 *\/\n.elementor-heading-title{padding:0;margin:0;line-height:1}.elementor-widget-heading .elementor-heading-title[class*=elementor-size-]>a{color:inherit;font-size:inherit;line-height:inherit}.elementor-widget-heading .elementor-heading-title.elementor-size-small{font-size:15px}.elementor-widget-heading .elementor-heading-title.elementor-size-medium{font-size:19px}.elementor-widget-heading .elementor-heading-title.elementor-size-large{font-size:29px}.elementor-widget-heading .elementor-heading-title.elementor-size-xl{font-size:39px}.elementor-widget-heading .elementor-heading-title.elementor-size-xxl{font-size:59px}<\/style><h2 class=\"elementor-heading-title elementor-size-default\">Inredning & homestyling<\/h2>\t\t<\/div>\n\t\t\t\t<\/div>\n\t\t\t\t<div class=\"elementor-element elementor-element-553fe585 elementor-widget elementor-widget-text-editor\" data-id=\"553fe585\" data-element_type=\"widget\" data-widget_type=\"text-editor.default\">\n\t\t\t\t<div class=\"elementor-widget-container\">\n\t\t\t<style>\/*! elementor - v3.23.0 - 05-08-2024 *\/\n.elementor-widget-text-editor.elementor-drop-cap-view-stacked .elementor-drop-cap{background-color:#69727d;color:#fff}.elementor-widget-text-editor.elementor-drop-cap-view-framed .elementor-drop-cap{color:#69727d;border:3px solid;background-color:transparent}.elementor-widget-text-editor:not(.elementor-drop-cap-view-default) .elementor-drop-cap{margin-top:8px}.elementor-widget-text-editor:not(.elementor-drop-cap-view-default) .elementor-drop-cap-letter{width:1em;height:1em}.elementor-widget-text-editor .elementor-drop-cap{float:left;text-align:center;line-height:1;font-size:50px}.elementor-widget-text-editor .elementor-drop-cap-letter{display:inline-block}<\/style>\t\t\t\t<p>Att ha en v\u00e4l inredd l\u00e4genhet eller ett hus har kommit att bli mer och mer angel\u00e4get p\u00e5 senaste tiden. Men ibland kan det vara sv\u00e5rt att veta hur man ska t\u00e4nka n\u00e4r det kommer till inredning och homestyling. D\u00e4rf\u00f6r har vi h\u00e4r samlat inspiration och tips p\u00e5 hur du ska t\u00e4nka n\u00e4r du inreder ditt hem.<\/p>\t\t\t\t\t\t<\/div>\n\t\t\t\t<\/div>\n\t\t\t\t<div class=\"elementor-element elementor-element-fe033ce elementor-widget-divider--view-line elementor-widget elementor-widget-divider\" data-id=\"fe033ce\" data-element_type=\"widget\" data-widget_type=\"divider.default\">\n\t\t\t\t<div class=\"elementor-widget-container\">\n\t\t\t<style>\/*! elementor - v3.23.0 - 05-08-2024 *\/\n.elementor-widget-divider{--divider-border-style:none;--divider-border-width:1px;--divider-color:#0c0d0e;--divider-icon-size:20px;--divider-element-spacing:10px;--divider-pattern-height:24px;--divider-pattern-size:20px;--divider-pattern-url:none;--divider-pattern-repeat:repeat-x}.elementor-widget-divider .elementor-divider{display:flex}.elementor-widget-divider .elementor-divider__text{font-size:15px;line-height:1;max-width:95%}.elementor-widget-divider .elementor-divider__element{margin:0 var(--divider-element-spacing);flex-shrink:0}.elementor-widget-divider .elementor-icon{font-size:var(--divider-icon-size)}.elementor-widget-divider .elementor-divider-separator{display:flex;margin:0;direction:ltr}.elementor-widget-divider--view-line_icon .elementor-divider-separator,.elementor-widget-divider--view-line_text .elementor-divider-separator{align-items:center}.elementor-widget-divider--view-line_icon .elementor-divider-separator:after,.elementor-widget-divider--view-line_icon .elementor-divider-separator:before,.elementor-widget-divider--view-line_text .elementor-divider-separator:after,.elementor-widget-divider--view-line_text .elementor-divider-separator:before{display:block;content:\"\";border-block-end:0;flex-grow:1;border-block-start:var(--divider-border-width) var(--divider-border-style) var(--divider-color)}.elementor-widget-divider--element-align-left .elementor-divider .elementor-divider-separator>.elementor-divider__svg:first-of-type{flex-grow:0;flex-shrink:100}.elementor-widget-divider--element-align-left .elementor-divider-separator:before{content:none}.elementor-widget-divider--element-align-left .elementor-divider__element{margin-left:0}.elementor-widget-divider--element-align-right .elementor-divider .elementor-divider-separator>.elementor-divider__svg:last-of-type{flex-grow:0;flex-shrink:100}.elementor-widget-divider--element-align-right .elementor-divider-separator:after{content:none}.elementor-widget-divider--element-align-right .elementor-divider__element{margin-right:0}.elementor-widget-divider--element-align-start .elementor-divider .elementor-divider-separator>.elementor-divider__svg:first-of-type{flex-grow:0;flex-shrink:100}.elementor-widget-divider--element-align-start .elementor-divider-separator:before{content:none}.elementor-widget-divider--element-align-start .elementor-divider__element{margin-inline-start:0}.elementor-widget-divider--element-align-end .elementor-divider .elementor-divider-separator>.elementor-divider__svg:last-of-type{flex-grow:0;flex-shrink:100}.elementor-widget-divider--element-align-end .elementor-divider-separator:after{content:none}.elementor-widget-divider--element-align-end .elementor-divider__element{margin-inline-end:0}.elementor-widget-divider:not(.elementor-widget-divider--view-line_text):not(.elementor-widget-divider--view-line_icon) .elementor-divider-separator{border-block-start:var(--divider-border-width) var(--divider-border-style) var(--divider-color)}.elementor-widget-divider--separator-type-pattern{--divider-border-style:none}.elementor-widget-divider--separator-type-pattern.elementor-widget-divider--view-line .elementor-divider-separator,.elementor-widget-divider--separator-type-pattern:not(.elementor-widget-divider--view-line) .elementor-divider-separator:after,.elementor-widget-divider--separator-type-pattern:not(.elementor-widget-divider--view-line) .elementor-divider-separator:before,.elementor-widget-divider--separator-type-pattern:not([class*=elementor-widget-divider--view]) .elementor-divider-separator{width:100%;min-height:var(--divider-pattern-height);-webkit-mask-size:var(--divider-pattern-size) 100%;mask-size:var(--divider-pattern-size) 100%;-webkit-mask-repeat:var(--divider-pattern-repeat);mask-repeat:var(--divider-pattern-repeat);background-color:var(--divider-color);-webkit-mask-image:var(--divider-pattern-url);mask-image:var(--divider-pattern-url)}.elementor-widget-divider--no-spacing{--divider-pattern-size:auto}.elementor-widget-divider--bg-round{--divider-pattern-repeat:round}.rtl .elementor-widget-divider .elementor-divider__text{direction:rtl}.e-con-inner>.elementor-widget-divider,.e-con>.elementor-widget-divider{width:var(--container-widget-width,100%);--flex-grow:var(--container-widget-flex-grow)}<\/style>\t\t<div class=\"elementor-divider\">\n\t\t\t<span class=\"elementor-divider-separator\">\n\t\t\t\t\t\t<\/span>\n\t\t<\/div>\n\t\t\t\t<\/div>\n\t\t\t\t<\/div>\n\t\t\t\t\t<\/div>\n\t\t<\/div>\n\t\t\t\t\t<\/div>\n\t\t<\/section>\n\t\t\t\t<section class=\"elementor-section elementor-top-section elementor-element elementor-element-6ba5f18 elementor-section-boxed elementor-section-height-default elementor-section-height-default\" data-id=\"6ba5f18\" data-element_type=\"section\">\n\t\t\t\t\t\t<div class=\"elementor-container elementor-column-gap-default\">\n\t\t\t\t\t<div class=\"elementor-column elementor-col-100 elementor-top-column elementor-element elementor-element-533ef04\" data-id=\"533ef04\" data-element_type=\"column\">\n\t\t\t<div class=\"elementor-widget-wrap elementor-element-populated\">\n\t\t\t\t\t\t<div class=\"elementor-element elementor-element-d2c351d elementor-grid-4 elementor-grid-tablet-2 elementor-grid-mobile-1 elementor-posts--thumbnail-top load-more-align-center elementor-widget elementor-widget-posts\" data-id=\"d2c351d\" data-element_type=\"widget\" data-settings=\"{&quot;classic_columns&quot;:&quot;4&quot;,&quot;pagination_type&quot;:&quot;load_more_on_click&quot;,&quot;classic_columns_tablet&quot;:&quot;2&quot;,&quot;classic_columns_mobile&quot;:&quot;1&quot;,&quot;classic_row_gap&quot;:{&quot;unit&quot;:&quot;px&quot;,&quot;size&quot;:35,&quot;sizes&quot;:[]},&quot;classic_row_gap_tablet&quot;:{&quot;unit&quot;:&quot;px&quot;,&quot;size&quot;:&quot;&quot;,&quot;sizes&quot;:[]},&quot;classic_row_gap_mobile&quot;:{&quot;unit&quot;:&quot;px&quot;,&quot;size&quot;:&quot;&quot;,&quot;sizes&quot;:[]},&quot;load_more_spinner&quot;:{&quot;value&quot;:&quot;fas fa-spinner&quot;,&quot;library&quot;:&quot;fa-solid&quot;}}\" data-widget_type=\"posts.classic\">\n\t\t\t\t<div class=\"elementor-widget-container\">\n\t\t\t<link rel=\"stylesheet\" href=\"https:\/\/www.dorunner.se\/blog\/wp-content\/plugins\/elementor-pro\/assets\/css\/widget-posts.min.css?ver=1724401801\">\t\t<div class=\"elementor-posts-container elementor-posts elementor-posts--skin-classic elementor-grid\">\n\t\t\t\t<article class=\"elementor-post elementor-grid-item post-8368 post type-post status-publish format-standard has-post-thumbnail hentry category-inredning tag-forvaring tag-platsbygga-garderob tag-platsbyggd tag-pris-platsbygga tag-renovering\">\n\t\t\t\t<a class=\"elementor-post__thumbnail__link\" href=\"https:\/\/www.dorunner.se\/blog\/platsbyggd-garderob-vad-kostar-det\/\" tabindex=\"-1\" >\n\t\t\t<div class=\"elementor-post__thumbnail\"><img fetchpriority=\"high\" decoding=\"async\" width=\"1000\" height=\"667\" src=\"https:\/\/www.dorunner.se\/blog\/wp-content\/uploads\/2024\/04\/platsbyggd-forvaring-finsnickeri-hall.jpeg\" class=\"attachment-full size-full wp-image-19903\" alt=\"Plattsbyggd f\u00f6rvaring i hall\" srcset=\"https:\/\/www.dorunner.se\/blog\/wp-content\/uploads\/2024\/04\/platsbyggd-forvaring-finsnickeri-hall.jpeg 1000w, https:\/\/www.dorunner.se\/blog\/wp-content\/uploads\/2024\/04\/platsbyggd-forvaring-finsnickeri-hall-300x200.jpeg 300w, https:\/\/www.dorunner.se\/blog\/wp-content\/uploads\/2024\/04\/platsbyggd-forvaring-finsnickeri-hall-768x512.jpeg 768w\" sizes=\"(max-width: 1000px) 100vw, 1000px\" \/><\/div>\n\t\t<\/a>\n\t\t\t\t<div class=\"elementor-post__text\">\n\t\t\t\t<h3 class=\"elementor-post__title\">\n\t\t\t<a href=\"https:\/\/www.dorunner.se\/blog\/platsbyggd-garderob-vad-kostar-det\/\" >\n\t\t\t\tPlatsbyggd garderob \u2013 vad kostar det?\t\t\t<\/a>\n\t\t<\/h3>\n\t\t\t\t<div class=\"elementor-post__meta-data\">\n\t\t\t\t\t<span class=\"elementor-post-date\">\n\t\t\t2024-04-09\t\t<\/span>\n\t\t\t\t<\/div>\n\t\t\t\t<div class=\"elementor-post__excerpt\">\n\t\t\t<p>Vad kostar det att platsbygga en garderob, och vad ska man t\u00e4nka p\u00e5? Vi har samlat all information du beh\u00f6ver veta om en platsbyggd garderob.<\/p>\n\t\t<\/div>\n\t\t\t\t\t<div class=\"elementor-post__read-more-wrapper\">\n\t\t\n\t\t<a class=\"elementor-post__read-more\" href=\"https:\/\/www.dorunner.se\/blog\/platsbyggd-garderob-vad-kostar-det\/\" aria-label=\"L\u00e4s mer om Platsbyggd garderob \u2013 vad kostar det?\" tabindex=\"-1\" >\n\t\t\tL\u00e4s mer \u00bb\t\t<\/a>\n\n\t\t\t\t\t<\/div>\n\t\t\t\t<\/div>\n\t\t\t\t<\/article>\n\t\t\t\t<article class=\"elementor-post elementor-grid-item post-8588 post type-post status-publish format-standard has-post-thumbnail hentry category-inredning tag-405 tag-inredning tag-inredningstrender tag-trender\">\n\t\t\t\t<a class=\"elementor-post__thumbnail__link\" href=\"https:\/\/www.dorunner.se\/blog\/6-inspirerande-inredningstrender-for-2022\/\" tabindex=\"-1\" >\n\t\t\t<div class=\"elementor-post__thumbnail\"><img decoding=\"async\" width=\"1000\" height=\"1000\" data-src=\"https:\/\/www.dorunner.se\/blog\/wp-content\/uploads\/2022\/02\/Inredning_2022_1x1-small.jpg\" class=\"attachment-full size-full wp-image-14343 lazyload\" alt=\"Inredningstrender 2022\" data-srcset=\"https:\/\/www.dorunner.se\/blog\/wp-content\/uploads\/2022\/02\/Inredning_2022_1x1-small.jpg 1000w, https:\/\/www.dorunner.se\/blog\/wp-content\/uploads\/2022\/02\/Inredning_2022_1x1-small-300x300.jpg 300w, https:\/\/www.dorunner.se\/blog\/wp-content\/uploads\/2022\/02\/Inredning_2022_1x1-small-150x150.jpg 150w, https:\/\/www.dorunner.se\/blog\/wp-content\/uploads\/2022\/02\/Inredning_2022_1x1-small-768x768.jpg 768w\" data-sizes=\"(max-width: 1000px) 100vw, 1000px\" src=\"data:image\/gif;base64,R0lGODlhAQABAAAAACH5BAEKAAEALAAAAAABAAEAAAICTAEAOw==\" style=\"--smush-placeholder-width: 1000px; --smush-placeholder-aspect-ratio: 1000\/1000;\" \/><noscript><img decoding=\"async\" width=\"1000\" height=\"1000\" src=\"https:\/\/www.dorunner.se\/blog\/wp-content\/uploads\/2022\/02\/Inredning_2022_1x1-small.jpg\" class=\"attachment-full size-full wp-image-14343\" alt=\"Inredningstrender 2022\" srcset=\"https:\/\/www.dorunner.se\/blog\/wp-content\/uploads\/2022\/02\/Inredning_2022_1x1-small.jpg 1000w, https:\/\/www.dorunner.se\/blog\/wp-content\/uploads\/2022\/02\/Inredning_2022_1x1-small-300x300.jpg 300w, https:\/\/www.dorunner.se\/blog\/wp-content\/uploads\/2022\/02\/Inredning_2022_1x1-small-150x150.jpg 150w, https:\/\/www.dorunner.se\/blog\/wp-content\/uploads\/2022\/02\/Inredning_2022_1x1-small-768x768.jpg 768w\" sizes=\"(max-width: 1000px) 100vw, 1000px\" \/><\/noscript><\/div>\n\t\t<\/a>\n\t\t\t\t<div class=\"elementor-post__text\">\n\t\t\t\t<h3 class=\"elementor-post__title\">\n\t\t\t<a href=\"https:\/\/www.dorunner.se\/blog\/6-inspirerande-inredningstrender-for-2022\/\" >\n\t\t\t\t6 inspirerande inredningstrender f\u00f6r 2022\t\t\t<\/a>\n\t\t<\/h3>\n\t\t\t\t<div class=\"elementor-post__meta-data\">\n\t\t\t\t\t<span class=\"elementor-post-date\">\n\t\t\t2022-02-28\t\t<\/span>\n\t\t\t\t<\/div>\n\t\t\t\t<div class=\"elementor-post__excerpt\">\n\t\t\t<p>V\u00e5gade pasteller, naturn\u00e4ra toner och mjuka former. Vi g\u00e5r igenom sex inspirerande inredningstrender f\u00f6r 2022 d\u00e4r h\u00e5llbarhet \u00e4r i fokus<\/p>\n\t\t<\/div>\n\t\t\t\t\t<div class=\"elementor-post__read-more-wrapper\">\n\t\t\n\t\t<a class=\"elementor-post__read-more\" href=\"https:\/\/www.dorunner.se\/blog\/6-inspirerande-inredningstrender-for-2022\/\" aria-label=\"L\u00e4s mer om 6 inspirerande inredningstrender f\u00f6r 2022\" tabindex=\"-1\" >\n\t\t\tL\u00e4s mer \u00bb\t\t<\/a>\n\n\t\t\t\t\t<\/div>\n\t\t\t\t<\/div>\n\t\t\t\t<\/article>\n\t\t\t\t<\/div>\n\t\t\t\t\t<span class=\"e-load-more-spinner\">\n\t\t\t\t<i aria-hidden=\"true\" class=\"fas fa-spinner\"><\/i>\t\t\t<\/span>\n\t\t\n\t\t\t\t<\/div>\n\t\t\t\t<\/div>\n\t\t\t\t<div class=\"elementor-element elementor-element-1a66ec1 elementor-widget-divider--view-line elementor-widget elementor-widget-divider\" data-id=\"1a66ec1\" data-element_type=\"widget\" data-widget_type=\"divider.default\">\n\t\t\t\t<div class=\"elementor-widget-container\">\n\t\t\t\t\t<div class=\"elementor-divider\">\n\t\t\t<span class=\"elementor-divider-separator\">\n\t\t\t\t\t\t<\/span>\n\t\t<\/div>\n\t\t\t\t<\/div>\n\t\t\t\t<\/div>\n\t\t\t\t\t<\/div>\n\t\t<\/div>\n\t\t\t\t\t<\/div>\n\t\t<\/section>\n\t\t\t\t<\/div>\n\t\t","protected":false},"excerpt":{"rendered":"<p>Inredning &#038; homestyling Att ha en v\u00e4l inredd l\u00e4genhet eller ett hus har kommit att bli mer och mer angel\u00e4get p\u00e5 senaste tiden. Men ibland kan det vara sv\u00e5rt att veta hur man ska t\u00e4nka n\u00e4r det kommer till inredning och homestyling. D\u00e4rf\u00f6r har vi h\u00e4r samlat inspiration och tips p\u00e5 hur du ska t\u00e4nka [&hellip;]<\/p>\n","protected":false},"author":3,"featured_media":10043,"parent":10092,"menu_order":7,"comment_status":"closed","ping_status":"closed","template":"elementor_theme","meta":{"footnotes":""},"yoast_head":"<!-- This site is optimized with the Yoast SEO plugin v23.3 - https:\/\/yoast.com\/wordpress\/plugins\/seo\/ -->\n<title>Inredning &amp; Homestyling<\/title>\n<meta name=\"description\" content=\"En v\u00e4l inredd l\u00e4genhet eller ett hus har kommit att bli mer och mer angel\u00e4get p\u00e5 senaste tiden. H\u00e4r har vi samlat inspiration och tips p\u00e5 hur du ska t\u00e4nka n\u00e4r du inreder ditt hem.\" \/>\n<meta name=\"robots\" content=\"index, follow, max-snippet:-1, max-image-preview:large, max-video-preview:-1\" \/>\n<link rel=\"canonical\" href=\"https:\/\/www.dorunner.se\/blog\/bygg-renovera\/inredning\/\" \/>\n<meta property=\"og:locale\" content=\"sv_SE\" \/>\n<meta property=\"og:type\" content=\"article\" \/>\n<meta property=\"og:title\" content=\"Inredning &amp; Homestyling\" \/>\n<meta property=\"og:description\" content=\"En v\u00e4l inredd l\u00e4genhet eller ett hus har kommit att bli mer och mer angel\u00e4get p\u00e5 senaste tiden. H\u00e4r har vi samlat inspiration och tips p\u00e5 hur du ska t\u00e4nka n\u00e4r du inreder ditt hem.\" \/>\n<meta property=\"og:url\" content=\"https:\/\/www.dorunner.se\/blog\/bygg-renovera\/inredning\/\" \/>\n<meta property=\"og:site_name\" content=\"Dorunnervations\" \/>\n<meta property=\"article:publisher\" content=\"https:\/\/www.facebook.com\/dorunner\" \/>\n<meta property=\"article:modified_time\" content=\"2023-09-01T08:34:21+00:00\" \/>\n<meta property=\"og:image\" content=\"https:\/\/www.dorunner.se\/blog\/wp-content\/uploads\/2022\/06\/Homestyling-sovrum-1.jpg\" \/>\n\t<meta property=\"og:image:width\" content=\"1618\" \/>\n\t<meta property=\"og:image:height\" content=\"1080\" \/>\n\t<meta property=\"og:image:type\" content=\"image\/jpeg\" \/>\n<meta name=\"twitter:card\" content=\"summary_large_image\" \/>\n<meta name=\"twitter:label1\" content=\"Ber\u00e4knad l\u00e4stid\" \/>\n\t<meta name=\"twitter:data1\" content=\"2 minuter\" \/>\n<script type=\"application\/ld+json\" class=\"yoast-schema-graph\">{\"@context\":\"https:\/\/schema.org\",\"@graph\":[{\"@type\":\"WebPage\",\"@id\":\"https:\/\/www.dorunner.se\/blog\/bygg-renovera\/inredning\/\",\"url\":\"https:\/\/www.dorunner.se\/blog\/bygg-renovera\/inredning\/\",\"name\":\"Inredning & Homestyling\",\"isPartOf\":{\"@id\":\"https:\/\/www.dorunner.se\/blog\/#website\"},\"primaryImageOfPage\":{\"@id\":\"https:\/\/www.dorunner.se\/blog\/bygg-renovera\/inredning\/#primaryimage\"},\"image\":{\"@id\":\"https:\/\/www.dorunner.se\/blog\/bygg-renovera\/inredning\/#primaryimage\"},\"thumbnailUrl\":\"https:\/\/www.dorunner.se\/blog\/wp-content\/uploads\/2022\/06\/Homestyling-sovrum-1.jpg\",\"datePublished\":\"2022-07-07T08:00:48+00:00\",\"dateModified\":\"2023-09-01T08:34:21+00:00\",\"description\":\"En v\u00e4l inredd l\u00e4genhet eller ett hus har kommit att bli mer och mer angel\u00e4get p\u00e5 senaste tiden. H\u00e4r har vi samlat inspiration och tips p\u00e5 hur du ska t\u00e4nka n\u00e4r du inreder ditt hem.\",\"breadcrumb\":{\"@id\":\"https:\/\/www.dorunner.se\/blog\/bygg-renovera\/inredning\/#breadcrumb\"},\"inLanguage\":\"sv-SE\",\"potentialAction\":[{\"@type\":\"ReadAction\",\"target\":[\"https:\/\/www.dorunner.se\/blog\/bygg-renovera\/inredning\/\"]}]},{\"@type\":\"ImageObject\",\"inLanguage\":\"sv-SE\",\"@id\":\"https:\/\/www.dorunner.se\/blog\/bygg-renovera\/inredning\/#primaryimage\",\"url\":\"https:\/\/www.dorunner.se\/blog\/wp-content\/uploads\/2022\/06\/Homestyling-sovrum-1.jpg\",\"contentUrl\":\"https:\/\/www.dorunner.se\/blog\/wp-content\/uploads\/2022\/06\/Homestyling-sovrum-1.jpg\",\"width\":1618,\"height\":1080,\"caption\":\"Styla sovrummet inf\u00f6r visning\"},{\"@type\":\"BreadcrumbList\",\"@id\":\"https:\/\/www.dorunner.se\/blog\/bygg-renovera\/inredning\/#breadcrumb\",\"itemListElement\":[{\"@type\":\"ListItem\",\"position\":1,\"name\":\"Home\",\"item\":\"https:\/\/www.dorunner.se\/blog\/\"},{\"@type\":\"ListItem\",\"position\":2,\"name\":\"Bygg &#038; renovera\",\"item\":\"https:\/\/www.dorunner.se\/blog\/bygg-renovera\/\"},{\"@type\":\"ListItem\",\"position\":3,\"name\":\"Inredning\"}]},{\"@type\":\"WebSite\",\"@id\":\"https:\/\/www.dorunner.se\/blog\/#website\",\"url\":\"https:\/\/www.dorunner.se\/blog\/\",\"name\":\"Dorunnervations\",\"description\":\"Inspiration, guider &amp; tips\",\"publisher\":{\"@id\":\"https:\/\/www.dorunner.se\/blog\/#organization\"},\"potentialAction\":[{\"@type\":\"SearchAction\",\"target\":{\"@type\":\"EntryPoint\",\"urlTemplate\":\"https:\/\/www.dorunner.se\/blog\/?s={search_term_string}\"},\"query-input\":\"required name=search_term_string\"}],\"inLanguage\":\"sv-SE\"},{\"@type\":\"Organization\",\"@id\":\"https:\/\/www.dorunner.se\/blog\/#organization\",\"name\":\"Dorunner\",\"url\":\"https:\/\/www.dorunner.se\/blog\/\",\"logo\":{\"@type\":\"ImageObject\",\"inLanguage\":\"sv-SE\",\"@id\":\"https:\/\/www.dorunner.se\/blog\/#\/schema\/logo\/image\/\",\"url\":\"https:\/\/www.dorunner.se\/blog\/wp-content\/uploads\/2021\/12\/340x340.png\",\"contentUrl\":\"https:\/\/www.dorunner.se\/blog\/wp-content\/uploads\/2021\/12\/340x340.png\",\"width\":340,\"height\":340,\"caption\":\"Dorunner\"},\"image\":{\"@id\":\"https:\/\/www.dorunner.se\/blog\/#\/schema\/logo\/image\/\"},\"sameAs\":[\"https:\/\/www.facebook.com\/dorunner\",\"https:\/\/www.linkedin.com\/company\/dorunner-ab\/\"]}]}<\/script>\n<!-- \/ Yoast SEO plugin. -->","yoast_head_json":{"title":"Inredning & Homestyling","description":"En v\u00e4l inredd l\u00e4genhet eller ett hus har kommit att bli mer och mer angel\u00e4get p\u00e5 senaste tiden. H\u00e4r har vi samlat inspiration och tips p\u00e5 hur du ska t\u00e4nka n\u00e4r du inreder ditt hem.","robots":{"index":"index","follow":"follow","max-snippet":"max-snippet:-1","max-image-preview":"max-image-preview:large","max-video-preview":"max-video-preview:-1"},"canonical":"https:\/\/www.dorunner.se\/blog\/bygg-renovera\/inredning\/","og_locale":"sv_SE","og_type":"article","og_title":"Inredning & Homestyling","og_description":"En v\u00e4l inredd l\u00e4genhet eller ett hus har kommit att bli mer och mer angel\u00e4get p\u00e5 senaste tiden. H\u00e4r har vi samlat inspiration och tips p\u00e5 hur du ska t\u00e4nka n\u00e4r du inreder ditt hem.","og_url":"https:\/\/www.dorunner.se\/blog\/bygg-renovera\/inredning\/","og_site_name":"Dorunnervations","article_publisher":"https:\/\/www.facebook.com\/dorunner","article_modified_time":"2023-09-01T08:34:21+00:00","og_image":[{"width":1618,"height":1080,"url":"https:\/\/www.dorunner.se\/blog\/wp-content\/uploads\/2022\/06\/Homestyling-sovrum-1.jpg","type":"image\/jpeg"}],"twitter_card":"summary_large_image","twitter_misc":{"Ber\u00e4knad l\u00e4stid":"2 minuter"},"schema":{"@context":"https:\/\/schema.org","@graph":[{"@type":"WebPage","@id":"https:\/\/www.dorunner.se\/blog\/bygg-renovera\/inredning\/","url":"https:\/\/www.dorunner.se\/blog\/bygg-renovera\/inredning\/","name":"Inredning & Homestyling","isPartOf":{"@id":"https:\/\/www.dorunner.se\/blog\/#website"},"primaryImageOfPage":{"@id":"https:\/\/www.dorunner.se\/blog\/bygg-renovera\/inredning\/#primaryimage"},"image":{"@id":"https:\/\/www.dorunner.se\/blog\/bygg-renovera\/inredning\/#primaryimage"},"thumbnailUrl":"https:\/\/www.dorunner.se\/blog\/wp-content\/uploads\/2022\/06\/Homestyling-sovrum-1.jpg","datePublished":"2022-07-07T08:00:48+00:00","dateModified":"2023-09-01T08:34:21+00:00","description":"En v\u00e4l inredd l\u00e4genhet eller ett hus har kommit att bli mer och mer angel\u00e4get p\u00e5 senaste tiden. H\u00e4r har vi samlat inspiration och tips p\u00e5 hur du ska t\u00e4nka n\u00e4r du inreder ditt hem.","breadcrumb":{"@id":"https:\/\/www.dorunner.se\/blog\/bygg-renovera\/inredning\/#breadcrumb"},"inLanguage":"sv-SE","potentialAction":[{"@type":"ReadAction","target":["https:\/\/www.dorunner.se\/blog\/bygg-renovera\/inredning\/"]}]},{"@type":"ImageObject","inLanguage":"sv-SE","@id":"https:\/\/www.dorunner.se\/blog\/bygg-renovera\/inredning\/#primaryimage","url":"https:\/\/www.dorunner.se\/blog\/wp-content\/uploads\/2022\/06\/Homestyling-sovrum-1.jpg","contentUrl":"https:\/\/www.dorunner.se\/blog\/wp-content\/uploads\/2022\/06\/Homestyling-sovrum-1.jpg","width":1618,"height":1080,"caption":"Styla sovrummet inf\u00f6r visning"},{"@type":"BreadcrumbList","@id":"https:\/\/www.dorunner.se\/blog\/bygg-renovera\/inredning\/#breadcrumb","itemListElement":[{"@type":"ListItem","position":1,"name":"Home","item":"https:\/\/www.dorunner.se\/blog\/"},{"@type":"ListItem","position":2,"name":"Bygg &#038; renovera","item":"https:\/\/www.dorunner.se\/blog\/bygg-renovera\/"},{"@type":"ListItem","position":3,"name":"Inredning"}]},{"@type":"WebSite","@id":"https:\/\/www.dorunner.se\/blog\/#website","url":"https:\/\/www.dorunner.se\/blog\/","name":"Dorunnervations","description":"Inspiration, guider &amp; tips","publisher":{"@id":"https:\/\/www.dorunner.se\/blog\/#organization"},"potentialAction":[{"@type":"SearchAction","target":{"@type":"EntryPoint","urlTemplate":"https:\/\/www.dorunner.se\/blog\/?s={search_term_string}"},"query-input":"required name=search_term_string"}],"inLanguage":"sv-SE"},{"@type":"Organization","@id":"https:\/\/www.dorunner.se\/blog\/#organization","name":"Dorunner","url":"https:\/\/www.dorunner.se\/blog\/","logo":{"@type":"ImageObject","inLanguage":"sv-SE","@id":"https:\/\/www.dorunner.se\/blog\/#\/schema\/logo\/image\/","url":"https:\/\/www.dorunner.se\/blog\/wp-content\/uploads\/2021\/12\/340x340.png","contentUrl":"https:\/\/www.dorunner.se\/blog\/wp-content\/uploads\/2021\/12\/340x340.png","width":340,"height":340,"caption":"Dorunner"},"image":{"@id":"https:\/\/www.dorunner.se\/blog\/#\/schema\/logo\/image\/"},"sameAs":["https:\/\/www.facebook.com\/dorunner","https:\/\/www.linkedin.com\/company\/dorunner-ab\/"]}]}},"_links":{"self":[{"href":"https:\/\/www.dorunner.se\/blog\/wp-json\/wp\/v2\/pages\/11383"}],"collection":[{"href":"https:\/\/www.dorunner.se\/blog\/wp-json\/wp\/v2\/pages"}],"about":[{"href":"https:\/\/www.dorunner.se\/blog\/wp-json\/wp\/v2\/types\/page"}],"author":[{"embeddable":true,"href":"https:\/\/www.dorunner.se\/blog\/wp-json\/wp\/v2\/users\/3"}],"replies":[{"embeddable":true,"href":"https:\/\/www.dorunner.se\/blog\/wp-json\/wp\/v2\/comments?post=11383"}],"version-history":[{"count":0,"href":"https:\/\/www.dorunner.se\/blog\/wp-json\/wp\/v2\/pages\/11383\/revisions"}],"up":[{"embeddable":true,"href":"https:\/\/www.dorunner.se\/blog\/wp-json\/wp\/v2\/pages\/10092"}],"wp:featuredmedia":[{"embeddable":true,"href":"https:\/\/www.dorunner.se\/blog\/wp-json\/wp\/v2\/media\/10043"}],"wp:attachment":[{"href":"https:\/\/www.dorunner.se\/blog\/wp-json\/wp\/v2\/media?parent=11383"}],"curies":[{"name":"wp","href":"https:\/\/api.w.org\/{rel}","templated":true}]}}