{"id":23,"date":"2022-11-17T15:12:41","date_gmt":"2022-11-17T15:12:41","guid":{"rendered":"https:\/\/www.testrunner.se\/aretshantverkare\/?page_id=23"},"modified":"2023-01-26T15:27:51","modified_gmt":"2023-01-26T15:27:51","slug":"anvandarvillkor","status":"publish","type":"page","link":"https:\/\/www.dorunner.se\/aretshantverkare\/anvandarvillkor\/","title":{"rendered":"Anv\u00e4ndarvillkor &#038; K\u00f6pvillkor"},"content":{"rendered":"\t\t<div data-elementor-type=\"wp-page\" data-elementor-id=\"23\" class=\"elementor elementor-23\" data-elementor-post-type=\"page\">\n\t\t\t\t\t\t<section class=\"elementor-section elementor-top-section elementor-element elementor-element-dcaa13a elementor-section-height-min-height elementor-section-boxed elementor-section-height-default elementor-section-items-middle\" data-id=\"dcaa13a\" data-element_type=\"section\" data-settings=\"{&quot;background_background&quot;:&quot;classic&quot;}\">\n\t\t\t\t\t\t<div class=\"elementor-container elementor-column-gap-default\">\n\t\t\t\t\t<div class=\"elementor-column elementor-col-100 elementor-top-column elementor-element elementor-element-f27a490\" data-id=\"f27a490\" data-element_type=\"column\">\n\t\t\t<div class=\"elementor-widget-wrap elementor-element-populated\">\n\t\t\t\t\t\t<section class=\"elementor-section elementor-inner-section elementor-element elementor-element-0a2f9d9 elementor-section-boxed elementor-section-height-default elementor-section-height-default\" data-id=\"0a2f9d9\" data-element_type=\"section\">\n\t\t\t\t\t\t<div class=\"elementor-container elementor-column-gap-default\">\n\t\t\t\t\t<div class=\"elementor-column elementor-col-100 elementor-inner-column elementor-element elementor-element-0401fc7\" data-id=\"0401fc7\" data-element_type=\"column\">\n\t\t\t<div class=\"elementor-widget-wrap elementor-element-populated\">\n\t\t\t\t\t\t<div class=\"elementor-element elementor-element-33660f0 elementor-widget elementor-widget-heading\" data-id=\"33660f0\" data-element_type=\"widget\" data-widget_type=\"heading.default\">\n\t\t\t\t<div class=\"elementor-widget-container\">\n\t\t\t<style>\/*! elementor - v3.23.0 - 05-08-2024 *\/\n.elementor-heading-title{padding:0;margin:0;line-height:1}.elementor-widget-heading .elementor-heading-title[class*=elementor-size-]>a{color:inherit;font-size:inherit;line-height:inherit}.elementor-widget-heading .elementor-heading-title.elementor-size-small{font-size:15px}.elementor-widget-heading .elementor-heading-title.elementor-size-medium{font-size:19px}.elementor-widget-heading .elementor-heading-title.elementor-size-large{font-size:29px}.elementor-widget-heading .elementor-heading-title.elementor-size-xl{font-size:39px}.elementor-widget-heading .elementor-heading-title.elementor-size-xxl{font-size:59px}<\/style><h1 class=\"elementor-heading-title elementor-size-default\">Villkor<\/h1>\t\t<\/div>\n\t\t\t\t<\/div>\n\t\t\t\t<div class=\"elementor-element elementor-element-b43a22b elementor-widget elementor-widget-heading\" data-id=\"b43a22b\" data-element_type=\"widget\" data-widget_type=\"heading.default\">\n\t\t\t\t<div class=\"elementor-widget-container\">\n\t\t\t<h3 class=\"elementor-heading-title elementor-size-default\">Anv\u00e4ndarvillkor &amp; k\u00f6pvillkor<\/h3>\t\t<\/div>\n\t\t\t\t<\/div>\n\t\t\t\t\t<\/div>\n\t\t<\/div>\n\t\t\t\t\t<\/div>\n\t\t<\/section>\n\t\t\t\t\t<\/div>\n\t\t<\/div>\n\t\t\t\t\t<\/div>\n\t\t<\/section>\n\t\t\t\t<section class=\"elementor-section elementor-top-section elementor-element elementor-element-759e355 elementor-section-boxed elementor-section-height-default elementor-section-height-default\" data-id=\"759e355\" data-element_type=\"section\">\n\t\t\t\t\t\t<div class=\"elementor-container elementor-column-gap-default\">\n\t\t\t\t\t<div class=\"elementor-column elementor-col-100 elementor-top-column elementor-element elementor-element-053bee4\" data-id=\"053bee4\" data-element_type=\"column\">\n\t\t\t<div class=\"elementor-widget-wrap elementor-element-populated\">\n\t\t\t\t\t\t<div class=\"elementor-element elementor-element-510e9e7 elementor-widget elementor-widget-heading\" data-id=\"510e9e7\" data-element_type=\"widget\" data-widget_type=\"heading.default\">\n\t\t\t\t<div class=\"elementor-widget-container\">\n\t\t\t<h2 class=\"elementor-heading-title elementor-size-default\">Anv\u00e4ndarvillkor<\/h2>\t\t<\/div>\n\t\t\t\t<\/div>\n\t\t\t\t<div class=\"elementor-element elementor-element-c8aa235 elementor-widget elementor-widget-text-editor\" data-id=\"c8aa235\" data-element_type=\"widget\" data-widget_type=\"text-editor.default\">\n\t\t\t\t<div class=\"elementor-widget-container\">\n\t\t\t<style>\/*! elementor - v3.23.0 - 05-08-2024 *\/\n.elementor-widget-text-editor.elementor-drop-cap-view-stacked .elementor-drop-cap{background-color:#69727d;color:#fff}.elementor-widget-text-editor.elementor-drop-cap-view-framed .elementor-drop-cap{color:#69727d;border:3px solid;background-color:transparent}.elementor-widget-text-editor:not(.elementor-drop-cap-view-default) .elementor-drop-cap{margin-top:8px}.elementor-widget-text-editor:not(.elementor-drop-cap-view-default) .elementor-drop-cap-letter{width:1em;height:1em}.elementor-widget-text-editor .elementor-drop-cap{float:left;text-align:center;line-height:1;font-size:50px}.elementor-widget-text-editor .elementor-drop-cap-letter{display:inline-block}<\/style>\t\t\t\t<p>Den som r\u00f6star eller nominerar ett f\u00f6retag p\u00e5 <span style=\"text-decoration: underline;\"><a href=\"http:\/\/www.dorunner.se\/aretshantverkare\">dorunner.se\/aretshantverkare<\/a><\/span> till priset \u00c5rets Hantverkare \u00e4r inte f\u00f6rbunden att k\u00f6pa eller erl\u00e4gga n\u00e5gon form av avgift f\u00f6r sitt deltagande. Genom att nominera och\/eller att r\u00f6sta p\u00e5 <a href=\"http:\/\/www.dorunner.se\/aretshantverkare\"><span style=\"text-decoration: underline;\">dorunner.se\/aretshantverkare<\/span><\/a> ger du ditt samtycke till att Hantverkargalan\/Dorunner AB anv\u00e4nder dina personuppgifter till att tillhandah\u00e5lla \u00f6verenskommen tj\u00e4nst, dvs. att registrera din r\u00f6st till utpekat f\u00f6retag. Personuppgifter, s\u00e5som namn, och profilbild fr\u00e5n Facebook, kan komma att anv\u00e4ndas f\u00f6r att g\u00f6ra hemsidan personlig och anv\u00e4ndarv\u00e4nlig. Hantverkargalan\/Dorunner AB eller samarbetspartner till Dorunner AB kan komma att kontakta dig f\u00f6r marknadsunders\u00f6kningar och erbjudanden kopplade till v\u00e5rt pris \u00c5rets Hantverkare, v\u00e5r gala Hantverkargalan, v\u00e5r tj\u00e4nst Dorunner och\/eller Dorunner AB. Hantverkargalan\/Dorunner AB bedriver ingen marknadsf\u00f6ring riktad mot minder\u00e5riga. Du kan n\u00e4r som helst \u00e5terkalla l\u00e4mnat samtycke, eller f\u00e5 besked om hur uppgifterna anv\u00e4nds genom att kontakta oss <a href=\"\/aretshantverkare\/kontakta-oss\/\"><span style=\"text-decoration: underline;\"><strong>h\u00e4r<\/strong><\/span><\/a>.<\/p><p>Det \u00e4r inte till\u00e5tet att f\u00f6rtala n\u00e5gon person eller f\u00f6retag eller skriva olagliga och oetiska saker p\u00e5 <span style=\"text-decoration: underline;\"><a href=\"http:\/\/www.dorunner.se\/aretshantverkare\">dorunner.se\/aretshantverkare<\/a><\/span>. Om tredje person olovligen har anv\u00e4nt dina personuppgifter (namn, mail, telefonnummer osv.) och\/eller ditt f\u00f6retagsnamn p\u00e5 hemsidan ska du anm\u00e4la detta till\u00a0<a href=\"mailto:info@hantverkargalan.se\"><span style=\"text-decoration: underline;\">info@hantverkargalan.se<\/span><\/a> eller be om att bli uppringd <a href=\"\/aretshantverkare\/kontakta-oss\/\"><span style=\"text-decoration: underline;\"><strong>h\u00e4r<\/strong><\/span><\/a>. Dessa tas d\u00e5 skyndsamt bort fr\u00e5n hemsidan och v\u00e5r databas.<\/p>\t\t\t\t\t\t<\/div>\n\t\t\t\t<\/div>\n\t\t\t\t<div class=\"elementor-element elementor-element-8206d27 elementor-widget elementor-widget-heading\" data-id=\"8206d27\" data-element_type=\"widget\" data-widget_type=\"heading.default\">\n\t\t\t\t<div class=\"elementor-widget-container\">\n\t\t\t<h3 class=\"elementor-heading-title elementor-size-default\">Vill du avregistrera dina personuppgifter?<\/h3>\t\t<\/div>\n\t\t\t\t<\/div>\n\t\t\t\t<div class=\"elementor-element elementor-element-d96136b elementor-widget elementor-widget-text-editor\" data-id=\"d96136b\" data-element_type=\"widget\" data-widget_type=\"text-editor.default\">\n\t\t\t\t<div class=\"elementor-widget-container\">\n\t\t\t\t\t\t\t<p class=\"pt-4 text-sm font-normal leading-relaxed\">Du kan n\u00e4r som helst \u00e5terkalla l\u00e4mnat samtycke, radera era personuppgifter eller f\u00e5 besked om hur uppgifterna anv\u00e4nds genom att <a href=\"\/aretshantverkare\/kontakta-oss\/\"><span style=\"text-decoration: underline;\"><strong>kontakta oss<\/strong><\/span><\/a>.<\/p>\t\t\t\t\t\t<\/div>\n\t\t\t\t<\/div>\n\t\t\t\t<div class=\"elementor-element elementor-element-6e0b566 elementor-widget elementor-widget-heading\" data-id=\"6e0b566\" data-element_type=\"widget\" data-widget_type=\"heading.default\">\n\t\t\t\t<div class=\"elementor-widget-container\">\n\t\t\t<h3 class=\"elementor-heading-title elementor-size-default\">Cookies<\/h3>\t\t<\/div>\n\t\t\t\t<\/div>\n\t\t\t\t<div class=\"elementor-element elementor-element-56209cc elementor-widget elementor-widget-text-editor\" data-id=\"56209cc\" data-element_type=\"widget\" data-widget_type=\"text-editor.default\">\n\t\t\t\t<div class=\"elementor-widget-container\">\n\t\t\t\t\t\t\t<p>Hantverkargalan anv\u00e4nder cookies. Syftet med dessa \u00e4r att h\u00f6ja kvaliteten i v\u00e5r tj\u00e4nst. Du kan sj\u00e4lv via din webbl\u00e4sare v\u00e4lja om du vill till\u00e5ta cookies eller ej.&nbsp;<span style=\"color: var( --e-global-color-text ); font-family: var( --e-global-typography-3ec2c4b-font-family ), Sans-serif; font-size: var( --e-global-typography-3ec2c4b-font-size ); font-weight: var( --e-global-typography-3ec2c4b-font-weight ); letter-spacing: var( --e-global-typography-3ec2c4b-letter-spacing ); word-spacing: var( --e-global-typography-3ec2c4b-word-spacing ); background-color: var( --e-global-color-accent );\">Cookies anv\u00e4nds i marknadsf\u00f6ringssyfte och f\u00f6r att h\u00f6ja kvaliteten i v\u00e5r tj\u00e4nst bland annat genom att vissa inst\u00e4llningar p\u00e5 sidan sparas. Exempelvis kan du forts\u00e4tta att vara inloggad p\u00e5 ditt anv\u00e4ndarkonto trots att du navigerar mellan olika webbsidor. L\u00e4s mer om cookies p\u00e5&nbsp;<\/span><span style=\"text-decoration: underline;\"><a class=\"text-blue-500\" style=\"font-family: var( --e-global-typography-3ec2c4b-font-family ), Sans-serif; font-size: var( --e-global-typography-3ec2c4b-font-size ); letter-spacing: var( --e-global-typography-3ec2c4b-letter-spacing ); word-spacing: var( --e-global-typography-3ec2c4b-word-spacing );\" href=\"http:\/\/www.minacookies.se\/\">minacookies.se<\/a><\/span><\/p>\n<p><\/p>\t\t\t\t\t\t<\/div>\n\t\t\t\t<\/div>\n\t\t\t\t\t<\/div>\n\t\t<\/div>\n\t\t\t\t\t<\/div>\n\t\t<\/section>\n\t\t\t\t<section class=\"elementor-section elementor-top-section elementor-element elementor-element-ef2eced elementor-hidden-desktop elementor-hidden-tablet elementor-hidden-mobile elementor-section-boxed elementor-section-height-default elementor-section-height-default\" data-id=\"ef2eced\" data-element_type=\"section\">\n\t\t\t\t\t\t<div class=\"elementor-container elementor-column-gap-default\">\n\t\t\t\t\t<div class=\"elementor-column elementor-col-100 elementor-top-column elementor-element elementor-element-2211454\" data-id=\"2211454\" data-element_type=\"column\">\n\t\t\t<div class=\"elementor-widget-wrap elementor-element-populated\">\n\t\t\t\t\t\t<div class=\"elementor-element elementor-element-7235bac elementor-widget elementor-widget-heading\" data-id=\"7235bac\" data-element_type=\"widget\" data-widget_type=\"heading.default\">\n\t\t\t\t<div class=\"elementor-widget-container\">\n\t\t\t<h2 class=\"elementor-heading-title elementor-size-default\">K\u00f6pvillkor<\/h2>\t\t<\/div>\n\t\t\t\t<\/div>\n\t\t\t\t<div class=\"elementor-element elementor-element-4471c42 elementor-widget elementor-widget-text-editor\" data-id=\"4471c42\" data-element_type=\"widget\" data-widget_type=\"text-editor.default\">\n\t\t\t\t<div class=\"elementor-widget-container\">\n\t\t\t\t\t\t\t<p class=\"pt-4 text-sm font-normal leading-relaxed\">Fyll i k\u00f6pvillkor h\u00e4r fyll i k\u00f6pvillkor h\u00e4r fyll i k\u00f6pvillkor h\u00e4r fyll i k\u00f6pvillkor h\u00e4r fyll i k\u00f6pvillkor h\u00e4r fyll i k\u00f6pvillkor h\u00e4r fyll i k\u00f6pvillkor h\u00e4r fyll i k\u00f6pvillkor h\u00e4r fyll i k\u00f6pvillkor h\u00e4r v fyll i k\u00f6pvillkor h\u00e4r fyll i k\u00f6pvillkor h\u00e4r fyll i k\u00f6pvillkor h\u00e4r fyll i k\u00f6pvillkor h\u00e4r fyll i k\u00f6pvillkor h\u00e4r fyll i k\u00f6pvillkor h\u00e4r fyll i k\u00f6pvillkor h\u00e4r fyll i k\u00f6pvillkor h\u00e4r fyll i k\u00f6pvillkor h\u00e4r<\/p>\t\t\t\t\t\t<\/div>\n\t\t\t\t<\/div>\n\t\t\t\t<div class=\"elementor-element elementor-element-d2f60dc elementor-widget elementor-widget-heading\" data-id=\"d2f60dc\" data-element_type=\"widget\" data-widget_type=\"heading.default\">\n\t\t\t\t<div class=\"elementor-widget-container\">\n\t\t\t<h3 class=\"elementor-heading-title elementor-size-default\">Header 2<\/h3>\t\t<\/div>\n\t\t\t\t<\/div>\n\t\t\t\t<div class=\"elementor-element elementor-element-0fe81d3 elementor-widget elementor-widget-text-editor\" data-id=\"0fe81d3\" data-element_type=\"widget\" data-widget_type=\"text-editor.default\">\n\t\t\t\t<div class=\"elementor-widget-container\">\n\t\t\t\t\t\t\t<p>Fyll i h\u00e4r <span style=\"color: var( --e-global-color-text ); font-family: var( --e-global-typography-3ec2c4b-font-family ), Sans-serif; font-size: var( --e-global-typography-3ec2c4b-font-size ); font-weight: var( --e-global-typography-3ec2c4b-font-weight ); letter-spacing: var( --e-global-typography-3ec2c4b-letter-spacing ); word-spacing: var( --e-global-typography-3ec2c4b-word-spacing ); background-color: var( --e-global-color-accent );\">fyll i h\u00e4r fyll i h\u00e4r fyll i h\u00e4r fyll i h\u00e4r fyll i h\u00e4r fyll i h\u00e4r fyll i h\u00e4r fyll i h\u00e4r fyll i h\u00e4r fyll i h\u00e4r fyll i h\u00e4r fyll i h\u00e4r fyll i h\u00e4r<\/span><\/p>\t\t\t\t\t\t<\/div>\n\t\t\t\t<\/div>\n\t\t\t\t\t<\/div>\n\t\t<\/div>\n\t\t\t\t\t<\/div>\n\t\t<\/section>\n\t\t\t\t<\/div>\n\t\t","protected":false},"excerpt":{"rendered":"<p>Villkor Anv\u00e4ndarvillkor &amp; k\u00f6pvillkor Anv\u00e4ndarvillkor Den som r\u00f6star eller nominerar ett f\u00f6retag p\u00e5 dorunner.se\/aretshantverkare till priset \u00c5rets Hantverkare \u00e4r inte f\u00f6rbunden att k\u00f6pa eller erl\u00e4gga n\u00e5gon form av avgift f\u00f6r sitt deltagande. Genom att nominera och\/eller att r\u00f6sta p\u00e5 dorunner.se\/aretshantverkare ger du ditt samtycke till att Hantverkargalan\/Dorunner AB anv\u00e4nder dina personuppgifter till att tillhandah\u00e5lla \u00f6verenskommen [&hellip;]<\/p>\n","protected":false},"author":1,"featured_media":0,"parent":0,"menu_order":0,"comment_status":"closed","ping_status":"closed","template":"","meta":{"footnotes":""},"_links":{"self":[{"href":"https:\/\/www.dorunner.se\/aretshantverkare\/wp-json\/wp\/v2\/pages\/23"}],"collection":[{"href":"https:\/\/www.dorunner.se\/aretshantverkare\/wp-json\/wp\/v2\/pages"}],"about":[{"href":"https:\/\/www.dorunner.se\/aretshantverkare\/wp-json\/wp\/v2\/types\/page"}],"author":[{"embeddable":true,"href":"https:\/\/www.dorunner.se\/aretshantverkare\/wp-json\/wp\/v2\/users\/1"}],"replies":[{"embeddable":true,"href":"https:\/\/www.dorunner.se\/aretshantverkare\/wp-json\/wp\/v2\/comments?post=23"}],"version-history":[{"count":28,"href":"https:\/\/www.dorunner.se\/aretshantverkare\/wp-json\/wp\/v2\/pages\/23\/revisions"}],"predecessor-version":[{"id":3382,"href":"https:\/\/www.dorunner.se\/aretshantverkare\/wp-json\/wp\/v2\/pages\/23\/revisions\/3382"}],"wp:attachment":[{"href":"https:\/\/www.dorunner.se\/aretshantverkare\/wp-json\/wp\/v2\/media?parent=23"}],"curies":[{"name":"wp","href":"https:\/\/api.w.org\/{rel}","templated":true}]}}