{"id":121,"date":"2022-11-18T10:42:58","date_gmt":"2022-11-18T10:42:58","guid":{"rendered":"https:\/\/www.testrunner.se\/aretshantverkare\/?page_id=121"},"modified":"2022-12-15T10:19:48","modified_gmt":"2022-12-15T10:19:48","slug":"finalister-2019","status":"publish","type":"page","link":"https:\/\/www.dorunner.se\/aretshantverkare\/resultat\/resultat-2019\/finalister-2019\/","title":{"rendered":"Finalister 2019"},"content":{"rendered":"\t\t<div data-elementor-type=\"wp-page\" data-elementor-id=\"121\" class=\"elementor elementor-121\" data-elementor-post-type=\"page\">\n\t\t\t\t\t\t<section class=\"elementor-section elementor-top-section elementor-element elementor-element-236d178c elementor-section-boxed elementor-section-height-default elementor-section-height-default\" data-id=\"236d178c\" data-element_type=\"section\">\n\t\t\t\t\t\t<div class=\"elementor-container elementor-column-gap-default\">\n\t\t\t\t\t<div class=\"elementor-column elementor-col-50 elementor-top-column elementor-element elementor-element-3ec26c48\" data-id=\"3ec26c48\" data-element_type=\"column\" data-settings=\"{&quot;background_background&quot;:&quot;classic&quot;}\">\n\t\t\t<div class=\"elementor-widget-wrap elementor-element-populated\">\n\t\t\t\t\t<div class=\"elementor-background-overlay\"><\/div>\n\t\t\t\t\t\t<div class=\"elementor-element elementor-element-103e2bda elementor-widget elementor-widget-toggle\" data-id=\"103e2bda\" data-element_type=\"widget\" data-widget_type=\"toggle.default\">\n\t\t\t\t<div class=\"elementor-widget-container\">\n\t\t\t<style>\/*! elementor - v3.23.0 - 05-08-2024 *\/\n.elementor-toggle{text-align:start}.elementor-toggle .elementor-tab-title{font-weight:700;line-height:1;margin:0;padding:15px;border-bottom:1px solid #d5d8dc;cursor:pointer;outline:none}.elementor-toggle .elementor-tab-title .elementor-toggle-icon{display:inline-block;width:1em}.elementor-toggle .elementor-tab-title .elementor-toggle-icon svg{margin-inline-start:-5px;width:1em;height:1em}.elementor-toggle .elementor-tab-title .elementor-toggle-icon.elementor-toggle-icon-right{float:right;text-align:right}.elementor-toggle .elementor-tab-title .elementor-toggle-icon.elementor-toggle-icon-left{float:left;text-align:left}.elementor-toggle .elementor-tab-title .elementor-toggle-icon .elementor-toggle-icon-closed{display:block}.elementor-toggle .elementor-tab-title .elementor-toggle-icon .elementor-toggle-icon-opened{display:none}.elementor-toggle .elementor-tab-title.elementor-active{border-bottom:none}.elementor-toggle .elementor-tab-title.elementor-active .elementor-toggle-icon-closed{display:none}.elementor-toggle .elementor-tab-title.elementor-active .elementor-toggle-icon-opened{display:block}.elementor-toggle .elementor-tab-content{padding:15px;border-bottom:1px solid #d5d8dc;display:none}@media (max-width:767px){.elementor-toggle .elementor-tab-title{padding:12px}.elementor-toggle .elementor-tab-content{padding:12px 10px}}.e-con-inner>.elementor-widget-toggle,.e-con>.elementor-widget-toggle{width:var(--container-widget-width);--flex-grow:var(--container-widget-flex-grow)}<\/style>\t\t<div class=\"elementor-toggle\">\n\t\t\t\t\t\t\t<div class=\"elementor-toggle-item\">\n\t\t\t\t\t<div id=\"elementor-tab-title-2721\" class=\"elementor-tab-title\" data-tab=\"1\" role=\"button\" aria-controls=\"elementor-tab-content-2721\" aria-expanded=\"false\">\n\t\t\t\t\t\t\t\t\t\t\t\t<span class=\"elementor-toggle-icon elementor-toggle-icon-left\" aria-hidden=\"true\">\n\t\t\t\t\t\t\t\t\t\t\t\t\t\t\t<span class=\"elementor-toggle-icon-closed\"><i class=\"fas fa-caret-right\"><\/i><\/span>\n\t\t\t\t\t\t\t\t<span class=\"elementor-toggle-icon-opened\"><i class=\"elementor-toggle-icon-opened fas fa-caret-up\"><\/i><\/span>\n\t\t\t\t\t\t\t\t\t\t\t\t\t<\/span>\n\t\t\t\t\t\t\t\t\t\t\t\t<a class=\"elementor-toggle-title\" tabindex=\"0\">\u00c5rets VVS-f\u00f6retag<\/a>\n\t\t\t\t\t<\/div>\n\n\t\t\t\t\t<div id=\"elementor-tab-content-2721\" class=\"elementor-tab-content elementor-clearfix\" data-tab=\"1\" role=\"region\" aria-labelledby=\"elementor-tab-title-2721\"><h5><strong>Sm\u00e5<\/strong><\/h5><p>Aktiebolaget Erlandsson&#8217;s VVS<\/p><p><span class=\"block pb-2\">Andreas Simonsson VVS och Industriservice i Malm\u00f6 AB<\/span><\/p><p><span class=\"block pb-2\">Borgs R\u00f6rl\u00e4ggeri AB<\/span><\/p><p><span class=\"block pb-2\">Kinds R\u00f6rinstallationer AB<\/span><\/p><p><span class=\"block pb-2\">PePe VVS i M\u00e4lardalen AB<\/span><\/p><p>\u00a0<\/p><h5><strong>Medelstora<\/strong><\/h5><p>Carlaplans R\u00f6rl\u00e4ggeri i Tv\u00e5\u00e5ker Aktiebolag<\/p><p><span class=\"block pb-2\">Cyklande R\u00f6rmokaren Sverige AB<\/span><\/p><p><span class=\"block pb-2\">G\u00f6te P R\u00f6r &amp; Bygg AB<\/span><\/p><p><span class=\"block pb-2\">S\u00f6derk\u00f6pings Energi &amp; VVS AB<\/span><\/p><p><span class=\"block pb-2\">U-Con VVS AB<\/span><\/p><p>\u00a0<\/p><h5><strong>Stora<\/strong><\/h5><p><span class=\"block pb-2\">H\u00f6gbergs R\u00f6r i Bor\u00e5s AB<\/span><\/p><p><span class=\"block pb-2\">R\u00f6rteamet Sj\u00e4levad AB<\/span><\/p><p><span class=\"block pb-2\">R\u00f6rmont\u00f6ren Syd AB<\/span><\/p><p><span class=\"block pb-4\">Termor\u00f6r Stockholm AB<\/span><\/p><p>Wiiks R\u00f6r AB<\/p><\/div>\n\t\t\t\t<\/div>\n\t\t\t\t\t\t\t\t<\/div>\n\t\t\t\t<\/div>\n\t\t\t\t<\/div>\n\t\t\t\t\t<\/div>\n\t\t<\/div>\n\t\t\t\t<div class=\"elementor-column elementor-col-50 elementor-top-column elementor-element elementor-element-5c2efc4\" data-id=\"5c2efc4\" data-element_type=\"column\" data-settings=\"{&quot;background_background&quot;:&quot;classic&quot;}\">\n\t\t\t<div class=\"elementor-widget-wrap elementor-element-populated\">\n\t\t\t\t\t\t<div class=\"elementor-element elementor-element-6362f302 elementor-widget elementor-widget-toggle\" data-id=\"6362f302\" data-element_type=\"widget\" data-widget_type=\"toggle.default\">\n\t\t\t\t<div class=\"elementor-widget-container\">\n\t\t\t\t\t<div class=\"elementor-toggle\">\n\t\t\t\t\t\t\t<div class=\"elementor-toggle-item\">\n\t\t\t\t\t<div id=\"elementor-tab-title-1661\" class=\"elementor-tab-title\" data-tab=\"1\" role=\"button\" aria-controls=\"elementor-tab-content-1661\" aria-expanded=\"false\">\n\t\t\t\t\t\t\t\t\t\t\t\t<span class=\"elementor-toggle-icon elementor-toggle-icon-left\" aria-hidden=\"true\">\n\t\t\t\t\t\t\t\t\t\t\t\t\t\t\t<span class=\"elementor-toggle-icon-closed\"><i class=\"fas fa-caret-right\"><\/i><\/span>\n\t\t\t\t\t\t\t\t<span class=\"elementor-toggle-icon-opened\"><i class=\"elementor-toggle-icon-opened fas fa-caret-up\"><\/i><\/span>\n\t\t\t\t\t\t\t\t\t\t\t\t\t<\/span>\n\t\t\t\t\t\t\t\t\t\t\t\t<a class=\"elementor-toggle-title\" tabindex=\"0\">\u00c5rets Elf\u00f6retag<\/a>\n\t\t\t\t\t<\/div>\n\n\t\t\t\t\t<div id=\"elementor-tab-content-1661\" class=\"elementor-tab-content elementor-clearfix\" data-tab=\"1\" role=\"region\" aria-labelledby=\"elementor-tab-title-1661\"><h5><strong>Sm\u00e5<\/strong><\/h5><p><span class=\"block pb-2\">Alfta Elektriska AB<\/span><\/p><p><span class=\"block pb-2\">Elektrikergruppen i Norr AB<\/span><\/p><p><span class=\"block pb-2\">Gumse Elektriska AB<\/span><\/p><p>Hyr en timme i Stockholm<\/p><p><span class=\"block pb-2\">KNG El Konsult &amp; Installation AB<\/span><\/p><p>\u00a0<\/p><h5><strong>Medelstora<\/strong><\/h5><p><span class=\"block pb-2\">Dexel AB<\/span><\/p><p>Elektropartner Nacka AB<\/p><p><span class=\"block pb-2\">Hjulsbro Elservice AB<\/span><\/p><p><span class=\"block pb-2\">Kumlins Elektriska AB<\/span><\/p><p><span class=\"block pb-2\">Tr\u00f6nninge El AB<\/span><\/p><p>\u00a0<\/p><h5><strong>Stora<\/strong><\/h5><p><span class=\"block pb-2\">AB Syd El i Malm\u00f6<\/span><\/p><p>Elcenter JK i Bor\u00e5s AB<\/p><p><span class=\"block pb-2\">Eldialog Green Electro AB<\/span><\/p><p><span class=\"block pb-2\">Elservice i Trelleborg AB<\/span><\/p><p><span class=\"block pb-2\">Wani Energi AB<\/span><\/p><\/div>\n\t\t\t\t<\/div>\n\t\t\t\t\t\t\t\t<\/div>\n\t\t\t\t<\/div>\n\t\t\t\t<\/div>\n\t\t\t\t\t<\/div>\n\t\t<\/div>\n\t\t\t\t\t<\/div>\n\t\t<\/section>\n\t\t\t\t<section class=\"elementor-section elementor-top-section elementor-element elementor-element-2b9b859d elementor-section-boxed elementor-section-height-default elementor-section-height-default\" data-id=\"2b9b859d\" data-element_type=\"section\">\n\t\t\t\t\t\t<div class=\"elementor-container elementor-column-gap-default\">\n\t\t\t\t\t<div class=\"elementor-column elementor-col-50 elementor-top-column elementor-element elementor-element-5cada554\" data-id=\"5cada554\" data-element_type=\"column\" data-settings=\"{&quot;background_background&quot;:&quot;classic&quot;}\">\n\t\t\t<div class=\"elementor-widget-wrap elementor-element-populated\">\n\t\t\t\t\t<div class=\"elementor-background-overlay\"><\/div>\n\t\t\t\t\t\t<div class=\"elementor-element elementor-element-aa7546d elementor-widget elementor-widget-toggle\" data-id=\"aa7546d\" data-element_type=\"widget\" data-widget_type=\"toggle.default\">\n\t\t\t\t<div class=\"elementor-widget-container\">\n\t\t\t\t\t<div class=\"elementor-toggle\">\n\t\t\t\t\t\t\t<div class=\"elementor-toggle-item\">\n\t\t\t\t\t<div id=\"elementor-tab-title-1781\" class=\"elementor-tab-title\" data-tab=\"1\" role=\"button\" aria-controls=\"elementor-tab-content-1781\" aria-expanded=\"false\">\n\t\t\t\t\t\t\t\t\t\t\t\t<span class=\"elementor-toggle-icon elementor-toggle-icon-left\" aria-hidden=\"true\">\n\t\t\t\t\t\t\t\t\t\t\t\t\t\t\t<span class=\"elementor-toggle-icon-closed\"><i class=\"fas fa-caret-right\"><\/i><\/span>\n\t\t\t\t\t\t\t\t<span class=\"elementor-toggle-icon-opened\"><i class=\"elementor-toggle-icon-opened fas fa-caret-up\"><\/i><\/span>\n\t\t\t\t\t\t\t\t\t\t\t\t\t<\/span>\n\t\t\t\t\t\t\t\t\t\t\t\t<a class=\"elementor-toggle-title\" tabindex=\"0\">\u00c5rets M\u00e5lerif\u00f6retag<\/a>\n\t\t\t\t\t<\/div>\n\n\t\t\t\t\t<div id=\"elementor-tab-content-1781\" class=\"elementor-tab-content elementor-clearfix\" data-tab=\"1\" role=\"region\" aria-labelledby=\"elementor-tab-title-1781\"><h5><strong>Sm\u00e5<\/strong><\/h5><p><span class=\"block pb-2\">Elias Eliassons m\u00e5leri och bygg service<\/span><\/p><p>Hjo M\u00e5leri AB<\/p><p><span class=\"block pb-2\">Linneby M\u00e5leri AB<\/span><\/p><p><span class=\"block pb-2\">Peterssons M\u00e5leri i Lenhovda Aktiebolag<\/span><\/p><p><span class=\"block pb-2\">Stockholms Dekorationsm\u00e5lare<\/span><\/p><p>\u00a0<\/p><h5><strong>Medelstora<\/strong><\/h5><p><span class=\"block pb-2\">7H M\u00e5leri &amp; Entreprenad AB<\/span><\/p><p><span class=\"block pb-2\">Anders Jansson M\u00e5leri AB<\/span><\/p><p><span class=\"block pb-2\">JF M\u00e5leriteam AB<\/span><\/p><p><span class=\"block pb-2\">Malm\u00f6 M\u00e5leritj\u00e4nst AB<\/span><\/p><p>Myskje M\u00e5leri AB\u00a0<\/p><p>\u00a0<\/p><h5><strong>Stora<\/strong><\/h5><p><span class=\"block pb-2\">AJS M\u00e5leri AB<\/span><\/p><p><span class=\"block pb-2\">M\u00e5lerifirma Alfred Holm AB<\/span><\/p><p><span class=\"block pb-2\">M\u00e5leritj\u00e4nst i Syd AB<\/span><\/p><p>Nybergs Bygg &amp; M\u00e5leri NBM Ume\u00e5 AB<\/p><p><span class=\"block pb-2\">Vaksala M\u00e5leri AB<\/span><\/p><\/div>\n\t\t\t\t<\/div>\n\t\t\t\t\t\t\t\t<\/div>\n\t\t\t\t<\/div>\n\t\t\t\t<\/div>\n\t\t\t\t\t<\/div>\n\t\t<\/div>\n\t\t\t\t<div class=\"elementor-column elementor-col-50 elementor-top-column elementor-element elementor-element-2e88f9fa\" data-id=\"2e88f9fa\" data-element_type=\"column\" data-settings=\"{&quot;background_background&quot;:&quot;classic&quot;}\">\n\t\t\t<div class=\"elementor-widget-wrap elementor-element-populated\">\n\t\t\t\t\t<div class=\"elementor-background-overlay\"><\/div>\n\t\t\t\t\t\t<div class=\"elementor-element elementor-element-7306ee4f elementor-widget elementor-widget-toggle\" data-id=\"7306ee4f\" data-element_type=\"widget\" data-widget_type=\"toggle.default\">\n\t\t\t\t<div class=\"elementor-widget-container\">\n\t\t\t\t\t<div class=\"elementor-toggle\">\n\t\t\t\t\t\t\t<div class=\"elementor-toggle-item\">\n\t\t\t\t\t<div id=\"elementor-tab-title-1921\" class=\"elementor-tab-title\" data-tab=\"1\" role=\"button\" aria-controls=\"elementor-tab-content-1921\" aria-expanded=\"false\">\n\t\t\t\t\t\t\t\t\t\t\t\t<span class=\"elementor-toggle-icon elementor-toggle-icon-left\" aria-hidden=\"true\">\n\t\t\t\t\t\t\t\t\t\t\t\t\t\t\t<span class=\"elementor-toggle-icon-closed\"><i class=\"fas fa-caret-right\"><\/i><\/span>\n\t\t\t\t\t\t\t\t<span class=\"elementor-toggle-icon-opened\"><i class=\"elementor-toggle-icon-opened fas fa-caret-up\"><\/i><\/span>\n\t\t\t\t\t\t\t\t\t\t\t\t\t<\/span>\n\t\t\t\t\t\t\t\t\t\t\t\t<a class=\"elementor-toggle-title\" tabindex=\"0\">\u00c5rets Byggf\u00f6retag<\/a>\n\t\t\t\t\t<\/div>\n\n\t\t\t\t\t<div id=\"elementor-tab-content-1921\" class=\"elementor-tab-content elementor-clearfix\" data-tab=\"1\" role=\"region\" aria-labelledby=\"elementor-tab-title-1921\"><h5><strong>Sm\u00e5<\/strong><\/h5><p><span class=\"block pb-2\">Byggtj\u00e4nst 4 Dig AB<\/span><\/p><p><span class=\"block pb-2\">Gehman Bygg AB<\/span><\/p><p><span class=\"block pb-2\">Livstidsbygg AB<\/span><\/p><p><span class=\"block pb-2\">NF Snickeri<\/span><\/p><p>T\u00e4lje Villaservice<\/p><p>\u00a0<\/p><h5><strong>Medelstora<\/strong><\/h5><p><span class=\"block pb-2\">Anders Ljungstr\u00f6m Bygg &amp; Montage AB<\/span><\/p><p><span class=\"block pb-2\">Clabbes Bygg AB<\/span><\/p><p><span class=\"block pb-2\">Foxor Bygg AB<\/span><\/p><p><span class=\"block pb-2\">Rickard Svensson &amp; Stefan Svensson Byggnads AB<\/span><\/p><p>Robin Sj\u00f6str\u00f6m Bygg AB<\/p><p>\u00a0<\/p><h5><strong>Stora<\/strong><\/h5><p><span class=\"block pb-2\">BiWi Bygg AB<\/span><\/p><p><span class=\"block pb-2\">DM TAK\u00a0AB<\/span><\/p><p>Lindqvist &amp; Engstr\u00f6m AB<\/p><p><span class=\"block pb-2\">M Degerstedt Bygg AB<\/span><\/p><p><span class=\"block pb-2\">Miri Bygg AB<\/span><\/p><\/div>\n\t\t\t\t<\/div>\n\t\t\t\t\t\t\t\t<\/div>\n\t\t\t\t<\/div>\n\t\t\t\t<\/div>\n\t\t\t\t\t<\/div>\n\t\t<\/div>\n\t\t\t\t\t<\/div>\n\t\t<\/section>\n\t\t\t\t<section class=\"elementor-section elementor-top-section elementor-element elementor-element-7e60e421 elementor-section-boxed elementor-section-height-default elementor-section-height-default\" data-id=\"7e60e421\" data-element_type=\"section\">\n\t\t\t\t\t\t<div class=\"elementor-container elementor-column-gap-default\">\n\t\t\t\t\t<div class=\"elementor-column elementor-col-50 elementor-top-column elementor-element elementor-element-6aef5872\" data-id=\"6aef5872\" data-element_type=\"column\" data-settings=\"{&quot;background_background&quot;:&quot;classic&quot;}\">\n\t\t\t<div class=\"elementor-widget-wrap elementor-element-populated\">\n\t\t\t\t\t<div class=\"elementor-background-overlay\"><\/div>\n\t\t\t\t\t\t<div class=\"elementor-element elementor-element-454c83f8 elementor-widget elementor-widget-toggle\" data-id=\"454c83f8\" data-element_type=\"widget\" data-widget_type=\"toggle.default\">\n\t\t\t\t<div class=\"elementor-widget-container\">\n\t\t\t\t\t<div class=\"elementor-toggle\">\n\t\t\t\t\t\t\t<div class=\"elementor-toggle-item\">\n\t\t\t\t\t<div id=\"elementor-tab-title-1161\" class=\"elementor-tab-title\" data-tab=\"1\" role=\"button\" aria-controls=\"elementor-tab-content-1161\" aria-expanded=\"false\">\n\t\t\t\t\t\t\t\t\t\t\t\t<span class=\"elementor-toggle-icon elementor-toggle-icon-left\" aria-hidden=\"true\">\n\t\t\t\t\t\t\t\t\t\t\t\t\t\t\t<span class=\"elementor-toggle-icon-closed\"><i class=\"fas fa-caret-right\"><\/i><\/span>\n\t\t\t\t\t\t\t\t<span class=\"elementor-toggle-icon-opened\"><i class=\"elementor-toggle-icon-opened fas fa-caret-up\"><\/i><\/span>\n\t\t\t\t\t\t\t\t\t\t\t\t\t<\/span>\n\t\t\t\t\t\t\t\t\t\t\t\t<a class=\"elementor-toggle-title\" tabindex=\"0\">\u00c5rets Badrumsentrepren\u00f6r<\/a>\n\t\t\t\t\t<\/div>\n\n\t\t\t\t\t<div id=\"elementor-tab-content-1161\" class=\"elementor-tab-content elementor-clearfix\" data-tab=\"1\" role=\"region\" aria-labelledby=\"elementor-tab-title-1161\"><p><span class=\"block pb-2\">AGERO Entreprenad AB<\/span><\/p><p>BiWi Platts\u00e4ttning AB<\/p><p><span class=\"block pb-2\">Hilmerssons Badrumshj\u00e4lp AB<\/span><\/p><p><span class=\"block pb-2\">JMG Kakel &amp; Klinker AB<\/span><\/p><p><span class=\"block pb-2\">Mur &amp; Platt service Stockholm AB<\/span><\/p><\/div>\n\t\t\t\t<\/div>\n\t\t\t\t\t\t\t\t<\/div>\n\t\t\t\t<\/div>\n\t\t\t\t<\/div>\n\t\t\t\t\t<\/div>\n\t\t<\/div>\n\t\t\t\t<div class=\"elementor-column elementor-col-50 elementor-top-column elementor-element elementor-element-22942903\" data-id=\"22942903\" data-element_type=\"column\" data-settings=\"{&quot;background_background&quot;:&quot;classic&quot;}\">\n\t\t\t<div class=\"elementor-widget-wrap elementor-element-populated\">\n\t\t\t\t\t<div class=\"elementor-background-overlay\"><\/div>\n\t\t\t\t\t\t<div class=\"elementor-element elementor-element-30bc4068 elementor-widget elementor-widget-toggle\" data-id=\"30bc4068\" data-element_type=\"widget\" data-widget_type=\"toggle.default\">\n\t\t\t\t<div class=\"elementor-widget-container\">\n\t\t\t\t\t<div class=\"elementor-toggle\">\n\t\t\t\t\t\t\t<div class=\"elementor-toggle-item\">\n\t\t\t\t\t<div id=\"elementor-tab-title-8171\" class=\"elementor-tab-title\" data-tab=\"1\" role=\"button\" aria-controls=\"elementor-tab-content-8171\" aria-expanded=\"false\">\n\t\t\t\t\t\t\t\t\t\t\t\t<span class=\"elementor-toggle-icon elementor-toggle-icon-left\" aria-hidden=\"true\">\n\t\t\t\t\t\t\t\t\t\t\t\t\t\t\t<span class=\"elementor-toggle-icon-closed\"><i class=\"fas fa-caret-right\"><\/i><\/span>\n\t\t\t\t\t\t\t\t<span class=\"elementor-toggle-icon-opened\"><i class=\"elementor-toggle-icon-opened fas fa-caret-up\"><\/i><\/span>\n\t\t\t\t\t\t\t\t\t\t\t\t\t<\/span>\n\t\t\t\t\t\t\t\t\t\t\t\t<a class=\"elementor-toggle-title\" tabindex=\"0\">\u00c5rets Golventrepren\u00f6r<\/a>\n\t\t\t\t\t<\/div>\n\n\t\t\t\t\t<div id=\"elementor-tab-content-8171\" class=\"elementor-tab-content elementor-clearfix\" data-tab=\"1\" role=\"region\" aria-labelledby=\"elementor-tab-title-8171\"><p>Friberg &amp; Co Golvtj\u00e4nst AB<\/p><p><span class=\"block pb-2\">J. K. S Golv i V\u00e4xj\u00f6 AB<\/span><\/p><p><span class=\"block pb-2\">J\u00e4rna Platts\u00e4ttning AB<\/span><\/p><p><span class=\"block pb-2\">Palmreds Golv &amp; Entreprenad<\/span><\/p><p><span class=\"block pb-2\">UR Golvelit AB<\/span><\/p><\/div>\n\t\t\t\t<\/div>\n\t\t\t\t\t\t\t\t<\/div>\n\t\t\t\t<\/div>\n\t\t\t\t<\/div>\n\t\t\t\t\t<\/div>\n\t\t<\/div>\n\t\t\t\t\t<\/div>\n\t\t<\/section>\n\t\t\t\t<section class=\"elementor-section elementor-top-section elementor-element elementor-element-685cf32a elementor-section-boxed elementor-section-height-default elementor-section-height-default\" data-id=\"685cf32a\" data-element_type=\"section\">\n\t\t\t\t\t\t<div class=\"elementor-container elementor-column-gap-default\">\n\t\t\t\t\t<div class=\"elementor-column elementor-col-100 elementor-top-column elementor-element elementor-element-7456acd2\" data-id=\"7456acd2\" data-element_type=\"column\">\n\t\t\t<div class=\"elementor-widget-wrap elementor-element-populated\">\n\t\t\t\t\t\t<div class=\"elementor-element elementor-element-1b6a4e33 elementor-widget elementor-widget-heading\" data-id=\"1b6a4e33\" data-element_type=\"widget\" data-widget_type=\"heading.default\">\n\t\t\t\t<div class=\"elementor-widget-container\">\n\t\t\t<style>\/*! elementor - v3.23.0 - 05-08-2024 *\/\n.elementor-heading-title{padding:0;margin:0;line-height:1}.elementor-widget-heading .elementor-heading-title[class*=elementor-size-]>a{color:inherit;font-size:inherit;line-height:inherit}.elementor-widget-heading .elementor-heading-title.elementor-size-small{font-size:15px}.elementor-widget-heading .elementor-heading-title.elementor-size-medium{font-size:19px}.elementor-widget-heading .elementor-heading-title.elementor-size-large{font-size:29px}.elementor-widget-heading .elementor-heading-title.elementor-size-xl{font-size:39px}.elementor-widget-heading .elementor-heading-title.elementor-size-xxl{font-size:59px}<\/style><h2 class=\"elementor-heading-title elementor-size-default\">Vill du se vilka vinnarna blev?<\/h2>\t\t<\/div>\n\t\t\t\t<\/div>\n\t\t\t\t<div class=\"elementor-element elementor-element-4dcbf44d elementor-align-center elementor-widget elementor-widget-button\" data-id=\"4dcbf44d\" data-element_type=\"widget\" data-widget_type=\"button.default\">\n\t\t\t\t<div class=\"elementor-widget-container\">\n\t\t\t\t\t<div class=\"elementor-button-wrapper\">\n\t\t\t<a class=\"elementor-button elementor-button-link elementor-size-sm\" href=\"\/aretshantverkare\/resultat\/resultat-2019\/vinnare-2019\/\">\n\t\t\t\t\t\t<span class=\"elementor-button-content-wrapper\">\n\t\t\t\t\t\t\t\t\t<span class=\"elementor-button-text\">Vinnare 2019<\/span>\n\t\t\t\t\t<\/span>\n\t\t\t\t\t<\/a>\n\t\t<\/div>\n\t\t\t\t<\/div>\n\t\t\t\t<\/div>\n\t\t\t\t\t<\/div>\n\t\t<\/div>\n\t\t\t\t\t<\/div>\n\t\t<\/section>\n\t\t\t\t<\/div>\n\t\t","protected":false},"excerpt":{"rendered":"<p>\u00c5rets VVS-f\u00f6retag Sm\u00e5 Aktiebolaget Erlandsson&#8217;s VVS Andreas Simonsson VVS och Industriservice i Malm\u00f6 AB Borgs R\u00f6rl\u00e4ggeri AB Kinds R\u00f6rinstallationer AB PePe VVS i M\u00e4lardalen AB \u00a0 Medelstora Carlaplans R\u00f6rl\u00e4ggeri i Tv\u00e5\u00e5ker Aktiebolag Cyklande R\u00f6rmokaren Sverige AB G\u00f6te P R\u00f6r &amp; Bygg AB S\u00f6derk\u00f6pings Energi &amp; VVS AB U-Con VVS AB \u00a0 Stora H\u00f6gbergs R\u00f6r i [&hellip;]<\/p>\n","protected":false},"author":1,"featured_media":0,"parent":33,"menu_order":0,"comment_status":"closed","ping_status":"closed","template":"","meta":{"footnotes":""},"_links":{"self":[{"href":"https:\/\/www.dorunner.se\/aretshantverkare\/wp-json\/wp\/v2\/pages\/121"}],"collection":[{"href":"https:\/\/www.dorunner.se\/aretshantverkare\/wp-json\/wp\/v2\/pages"}],"about":[{"href":"https:\/\/www.dorunner.se\/aretshantverkare\/wp-json\/wp\/v2\/types\/page"}],"author":[{"embeddable":true,"href":"https:\/\/www.dorunner.se\/aretshantverkare\/wp-json\/wp\/v2\/users\/1"}],"replies":[{"embeddable":true,"href":"https:\/\/www.dorunner.se\/aretshantverkare\/wp-json\/wp\/v2\/comments?post=121"}],"version-history":[{"count":19,"href":"https:\/\/www.dorunner.se\/aretshantverkare\/wp-json\/wp\/v2\/pages\/121\/revisions"}],"predecessor-version":[{"id":3126,"href":"https:\/\/www.dorunner.se\/aretshantverkare\/wp-json\/wp\/v2\/pages\/121\/revisions\/3126"}],"up":[{"embeddable":true,"href":"https:\/\/www.dorunner.se\/aretshantverkare\/wp-json\/wp\/v2\/pages\/33"}],"wp:attachment":[{"href":"https:\/\/www.dorunner.se\/aretshantverkare\/wp-json\/wp\/v2\/media?parent=121"}],"curies":[{"name":"wp","href":"https:\/\/api.w.org\/{rel}","templated":true}]}}